{"id":26,"date":"2026-02-26T15:42:44","date_gmt":"2026-02-26T14:42:44","guid":{"rendered":"https:\/\/lorygoavec.be\/?page_id=26"},"modified":"2026-02-28T12:30:57","modified_gmt":"2026-02-28T11:30:57","slug":"pour-les-communes","status":"publish","type":"page","link":"https:\/\/lorygoavec.be\/index.php\/pour-les-communes\/","title":{"rendered":"Pour les communes"},"content":{"rendered":"\n<h3 class=\"wp-block-heading\">Le monde a chang\u00e9. Les centres-villes aussi.<\/h3>\n\n\n\n<p>Les strat\u00e9gies publiques ont-elles r\u00e9ellement \u00e9volu\u00e9 ?<\/p>\n\n\n\n<p><strong>Le commerce local n\u2019est plus celui d\u2019il y a 20 ans.<\/strong><\/p>\n\n\n\n<p>Les habitudes d\u2019achat ont \u00e9volu\u00e9.<br>Le digital a red\u00e9fini la visibilit\u00e9.<br>Les zones p\u00e9riph\u00e9riques se sont structur\u00e9es.<br>Les consommateurs sont devenus plus exigeants.<\/p>\n\n\n\n<p>Et pourtant\u2026<\/p>\n\n\n\n<p>Beaucoup de centres-villes fonctionnent encore<br>avec des logiques d\u2019hier.<\/p>\n\n\n\n<p>Animations ponctuelles.<br>Manque de coordination.<br>Absence d\u2019indicateurs.<br>Peu de vision partag\u00e9e.<\/p>\n\n\n\n<p>Ce n\u2019est pas un manque de volont\u00e9.<br>C\u2019est un manque de structuration.<\/p>\n\n\n\n<h3 class=\"wp-block-heading\">Une r\u00e9alit\u00e9 que les chiffres confirment<\/h3>\n\n\n\n<p>Les budgets \u201ccommerce local\u201d existent.<br>Les animations se succ\u00e8dent.<br>Les communications sont publi\u00e9es.<\/p>\n\n\n\n<p>Et pourtant :<\/p>\n\n\n\n<ul class=\"wp-block-list\">\n<li>Le taux de vacance commerciale progresse<\/li>\n\n\n\n<li>Les commer\u00e7ants se disent isol\u00e9s<\/li>\n\n\n\n<li>L\u2019impact des actions est rarement mesur\u00e9<\/li>\n\n\n\n<li>Les r\u00e9sultats sont difficiles \u00e0 objectiver<\/li>\n<\/ul>\n\n\n\n<p>La question n\u2019est plus :<\/p>\n\n\n\n<blockquote class=\"wp-block-quote is-layout-flow wp-block-quote-is-layout-flow\">\n<p>\u201cAvons-nous fait des actions ?\u201d<\/p>\n<\/blockquote>\n\n\n\n<p>La vraie question est :<\/p>\n\n\n\n<blockquote class=\"wp-block-quote is-layout-flow wp-block-quote-is-layout-flow\">\n<p>\u201cCes actions ont-elles produit un impact mesurable et durable ?\u201d<\/p>\n<\/blockquote>\n\n\n\n<p>Un centre-ville n\u2019est pas un d\u00e9cor.<\/p>\n\n\n\n<p>C\u2019est un \u00e9cosyst\u00e8me.<\/p>\n\n\n\n<p>Lorsqu\u2019il s\u2019affaiblit, ce ne sont pas uniquement des vitrines qui s\u2019\u00e9teignent.<br>C\u2019est la dynamique \u00e9conomique, sociale et identitaire du territoire qui vacille.<\/p>\n\n\n\n<p>La question n\u2019est plus :<\/p>\n\n\n\n<p>\u201cComment organiser une animation ?\u201d<\/p>\n\n\n\n<p>La vraie question est :<\/p>\n\n\n\n<p>\u201cComment structurer durablement l\u2019attractivit\u00e9 commerciale de la commune ?\u201d<\/p>\n\n\n\n<h3 class=\"wp-block-heading\">Je travaille avec les communes qui souhaitent :<\/h3>\n\n\n\n<ul class=\"wp-block-list\">\n<li>Clarifier leur vision \u00e9conomique locale<\/li>\n\n\n\n<li>Structurer leurs actions commerciales<\/li>\n\n\n\n<li>F\u00e9d\u00e9rer leurs commer\u00e7ants<\/li>\n\n\n\n<li>Moderniser leur approche<\/li>\n\n\n\n<li>Passer d\u2019une logique r\u00e9active \u00e0 une logique strat\u00e9gique<\/li>\n<\/ul>\n\n\n\n<h4 class=\"wp-block-heading\">Avec plus de 20 ans d\u2019exp\u00e9rience dans le commerce et l\u2019animation locale,<br>je combine :<\/h4>\n\n\n\n<ul class=\"wp-block-list\">\n<li>Une lecture strat\u00e9gique du territoire<\/li>\n\n\n\n<li>Une compr\u00e9hension concr\u00e8te des r\u00e9alit\u00e9s commer\u00e7antes<\/li>\n\n\n\n<li>Une connaissance des dynamiques institutionnelles<\/li>\n<\/ul>\n\n\n\n<p>Je parle aux \u00e9lus.<br>Je comprends les commer\u00e7ants.<br>Je cr\u00e9e le pont entre les deux.<\/p>\n\n\n\n<blockquote class=\"wp-block-quote is-layout-flow wp-block-quote-is-layout-flow\">\n<blockquote class=\"wp-block-quote is-layout-flow wp-block-quote-is-layout-flow\">\n<p>Un centre-ville ne se sauve pas.<br>Il se structure.<\/p>\n<\/blockquote>\n<\/blockquote>\n\n\n\n<h4 class=\"wp-block-heading\">\u00c9changeons sur la dynamique commerciale de votre commune.<\/h4>\n\n\n\n<div class=\"wp-block-buttons has-custom-font-size has-medium-font-size is-layout-flex wp-container-core-buttons-is-layout-a35a601f wp-block-buttons-is-layout-flex\" style=\"border-style:none;border-width:0px;border-top-left-radius:0px;border-top-right-radius:0px;border-bottom-left-radius:0px;border-bottom-right-radius:0px;margin-top:0;margin-bottom:0;padding-top:0;padding-bottom:0\">\n<div class=\"wp-block-button is-style-outline is-style-outline--1\"><a class=\"wp-block-button__link wp-element-button\" href=\"https:\/\/lorygoavec.be\/index.php\/echange-strategique\/\">Demander un \u00e9change strat\u00e9gique<\/a><\/div>\n<\/div>\n\n\n<style id=\"wpforms-css-vars-109-block-9be88445-c5db-461f-b3a2-e05d3bdc89c7\">\n\t\t\t\t#wpforms-109.wpforms-block-9be88445-c5db-461f-b3a2-e05d3bdc89c7 {\n\t\t\t\t--wpforms-field-size-input-height: 43px;\n--wpforms-field-size-input-spacing: 15px;\n--wpforms-field-size-font-size: 16px;\n--wpforms-field-size-line-height: 19px;\n--wpforms-field-size-padding-h: 14px;\n--wpforms-field-size-checkbox-size: 16px;\n--wpforms-field-size-sublabel-spacing: 5px;\n--wpforms-field-size-icon-size: 1;\n--wpforms-label-size-font-size: 16px;\n--wpforms-label-size-line-height: 19px;\n--wpforms-label-size-sublabel-font-size: 14px;\n--wpforms-label-size-sublabel-line-height: 17px;\n--wpforms-button-size-font-size: 17px;\n--wpforms-button-size-height: 41px;\n--wpforms-button-size-padding-h: 15px;\n--wpforms-button-size-margin-top: 10px;\n\t\t\t}\n\t\t\t<\/style><div class=\"wpforms-container wpforms-container-full wpforms-block wpforms-block-9be88445-c5db-461f-b3a2-e05d3bdc89c7 wpforms-render-modern\" id=\"wpforms-109\"><form id=\"wpforms-form-109\" class=\"wpforms-validate wpforms-form wpforms-ajax-form\" data-formid=\"109\" method=\"post\" enctype=\"multipart\/form-data\" action=\"\/index.php\/wp-json\/wp\/v2\/pages\/26\" data-token=\"640ee22ac1f4f4c94ab0cfcaf241e7be\" data-token-time=\"1777879565\"><noscript class=\"wpforms-error-noscript\">Veuillez activer JavaScript dans votre navigateur pour remplir ce formulaire.<\/noscript><div id=\"wpforms-error-noscript\" style=\"display: none;\">Veuillez activer JavaScript dans votre navigateur pour remplir ce formulaire.<\/div><div class=\"wpforms-field-container\"><div id=\"wpforms-109-field_1-container\" class=\"wpforms-field wpforms-field-name\" data-field-id=\"1\"><fieldset><legend class=\"wpforms-field-label\">Nom <span class=\"wpforms-required-label\" aria-hidden=\"true\">*<\/span><\/legend><div class=\"wpforms-field-row wpforms-field-medium\"><div class=\"wpforms-field-row-block wpforms-first wpforms-one-half\"><input type=\"text\" id=\"wpforms-109-field_1\" class=\"wpforms-field-name-first wpforms-field-required\" name=\"wpforms[fields][1][first]\" aria-errormessage=\"wpforms-109-field_1-error\" required><label for=\"wpforms-109-field_1\" class=\"wpforms-field-sublabel after\">Pr\u00e9nom<\/label><\/div><div class=\"wpforms-field-row-block wpforms-one-half\"><input type=\"text\" id=\"wpforms-109-field_1-last\" class=\"wpforms-field-name-last wpforms-field-required\" name=\"wpforms[fields][1][last]\" aria-errormessage=\"wpforms-109-field_1-last-error\" required><label for=\"wpforms-109-field_1-last\" class=\"wpforms-field-sublabel after\">Nom<\/label><\/div><\/div><\/fieldset><\/div><div id=\"wpforms-109-field_2-container\" class=\"wpforms-field wpforms-field-email\" data-field-id=\"2\"><label class=\"wpforms-field-label\" for=\"wpforms-109-field_2\">E-mail <span class=\"wpforms-required-label\" aria-hidden=\"true\">*<\/span><\/label><input type=\"email\" id=\"wpforms-109-field_2\" class=\"wpforms-field-medium wpforms-field-required\" name=\"wpforms[fields][2]\" spellcheck=\"false\" aria-errormessage=\"wpforms-109-field_2-error\" required><\/div>\t\t<div id=\"wpforms-109-field_3-container\"\n\t\t\tclass=\"wpforms-field wpforms-field-text\"\n\t\t\tdata-field-type=\"text\"\n\t\t\tdata-field-id=\"3\"\n\t\t\t>\n\t\t\t<label class=\"wpforms-field-label\" for=\"wpforms-109-field_3\" >? E-mail fonction<\/label>\n\t\t\t<input type=\"text\" id=\"wpforms-109-field_3\" class=\"wpforms-field-medium\" name=\"wpforms[fields][3]\" >\n\t\t<\/div>\n\t\t<div id=\"wpforms-109-field_4-container\" class=\"wpforms-field wpforms-field-text\" data-field-id=\"4\"><label class=\"wpforms-field-label\" for=\"wpforms-109-field_4\">Organisation \/ Commune \/ Entreprise <span class=\"wpforms-required-label\" aria-hidden=\"true\">*<\/span><\/label><input type=\"text\" id=\"wpforms-109-field_4\" class=\"wpforms-field-medium wpforms-field-required\" name=\"wpforms[fields][4]\" aria-errormessage=\"wpforms-109-field_4-error\" required><\/div><div id=\"wpforms-109-field_5-container\" class=\"wpforms-field wpforms-field-text\" data-field-id=\"5\"><label class=\"wpforms-field-label\" for=\"wpforms-109-field_5\">Votre fonction \/ r\u00f4le <span class=\"wpforms-required-label\" aria-hidden=\"true\">*<\/span><\/label><input type=\"text\" id=\"wpforms-109-field_5\" class=\"wpforms-field-medium wpforms-field-required\" name=\"wpforms[fields][5]\" aria-errormessage=\"wpforms-109-field_5-error\" required><\/div><div id=\"wpforms-109-field_6-container\" class=\"wpforms-field wpforms-field-text\" data-field-id=\"6\"><label class=\"wpforms-field-label\" for=\"wpforms-109-field_6\">Quel est votre principal enjeu actuellement ? <span class=\"wpforms-required-label\" aria-hidden=\"true\">*<\/span><\/label><input type=\"text\" id=\"wpforms-109-field_6\" class=\"wpforms-field-medium wpforms-field-required\" name=\"wpforms[fields][6]\" aria-errormessage=\"wpforms-109-field_6-error\" required><\/div><div id=\"wpforms-109-field_7-container\" class=\"wpforms-field wpforms-field-radio\" data-field-id=\"7\"><fieldset><legend class=\"wpforms-field-label\">Quand souhaitez-vous d\u00e9marrer ? <span class=\"wpforms-required-label\" aria-hidden=\"true\">*<\/span><\/legend><ul id=\"wpforms-109-field_7\" class=\"wpforms-field-required\"><li class=\"choice-1 depth-1\"><input type=\"radio\" id=\"wpforms-109-field_7_1\" name=\"wpforms[fields][7]\" value=\"Dans le mois\" aria-errormessage=\"wpforms-109-field_7_1-error\" required ><label class=\"wpforms-field-label-inline\" for=\"wpforms-109-field_7_1\">Dans le mois<\/label><\/li><li class=\"choice-2 depth-1\"><input type=\"radio\" id=\"wpforms-109-field_7_2\" name=\"wpforms[fields][7]\" value=\"Dans les 3 mois\" aria-errormessage=\"wpforms-109-field_7_2-error\" required ><label class=\"wpforms-field-label-inline\" for=\"wpforms-109-field_7_2\">Dans les 3 mois<\/label><\/li><li class=\"choice-3 depth-1\"><input type=\"radio\" id=\"wpforms-109-field_7_3\" name=\"wpforms[fields][7]\" value=\"Dans les 6 mois\" aria-errormessage=\"wpforms-109-field_7_3-error\" required ><label class=\"wpforms-field-label-inline\" for=\"wpforms-109-field_7_3\">Dans les 6 mois<\/label><\/li><li class=\"choice-4 depth-1\"><input type=\"radio\" id=\"wpforms-109-field_7_4\" name=\"wpforms[fields][7]\" value=\"Simple prise d&#039;information\" aria-errormessage=\"wpforms-109-field_7_4-error\" required ><label class=\"wpforms-field-label-inline\" for=\"wpforms-109-field_7_4\">Simple prise d&rsquo;information<\/label><\/li><\/ul><\/fieldset><\/div><script>\n\t\t\t\t( function() {\n\t\t\t\t\tconst style = document.createElement( 'style' );\n\t\t\t\t\tstyle.appendChild( document.createTextNode( '#wpforms-109-field_3-container { position: absolute !important; overflow: hidden !important; display: inline !important; height: 1px !important; width: 1px !important; z-index: -1000 !important; padding: 0 !important; } #wpforms-109-field_3-container input { visibility: hidden; } #wpforms-conversational-form-page #wpforms-109-field_3-container label { counter-increment: none; }' ) );\n\t\t\t\t\tdocument.head.appendChild( style );\n\t\t\t\t\tdocument.currentScript?.remove();\n\t\t\t\t} )();\n\t\t\t<\/script><\/div><!-- .wpforms-field-container --><div class=\"wpforms-submit-container\" ><input type=\"hidden\" name=\"wpforms[id]\" value=\"109\"><input type=\"hidden\" name=\"page_title\" value=\"\"><input type=\"hidden\" name=\"page_url\" value=\"https:\/\/lorygoavec.be\/index.php\/wp-json\/wp\/v2\/pages\/26\"><input type=\"hidden\" name=\"url_referer\" value=\"\"><button type=\"submit\" name=\"wpforms[submit]\" id=\"wpforms-submit-109\" class=\"wpforms-submit\" data-alt-text=\"Envoi...\" data-submit-text=\"Demander mon \u00e9change strat\u00e9gique\" aria-live=\"assertive\" value=\"wpforms-submit\">Demander mon \u00e9change strat\u00e9gique<\/button><img loading=\"lazy\" decoding=\"async\" src=\"https:\/\/lorygoavec.be\/wp-content\/plugins\/wpforms-lite\/assets\/images\/submit-spin.svg\" class=\"wpforms-submit-spinner\" style=\"display: none;\" width=\"26\" height=\"26\" alt=\"Chargement en cours\"><\/div><\/form><\/div>  <!-- .wpforms-container -->\n\n\n<p><\/p>\n","protected":false},"excerpt":{"rendered":"<p>Le monde a chang\u00e9. Les centres-villes aussi. Les strat\u00e9gies publiques ont-elles r\u00e9ellement \u00e9volu\u00e9 ? Le commerce local n\u2019est plus celui [&hellip;]<\/p>\n","protected":false},"author":1,"featured_media":0,"parent":0,"menu_order":0,"comment_status":"closed","ping_status":"closed","template":"","meta":{"site-sidebar-layout":"default","site-content-layout":"","ast-site-content-layout":"default","site-content-style":"default","site-sidebar-style":"default","ast-global-header-display":"","ast-banner-title-visibility":"","ast-main-header-display":"","ast-hfb-above-header-display":"","ast-hfb-below-header-display":"","ast-hfb-mobile-header-display":"","site-post-title":"","ast-breadcrumbs-content":"","ast-featured-img":"","footer-sml-layout":"","ast-disable-related-posts":"","theme-transparent-header-meta":"","adv-header-id-meta":"","stick-header-meta":"","header-above-stick-meta":"","header-main-stick-meta":"","header-below-stick-meta":"","astra-migrate-meta-layouts":"default","ast-page-background-enabled":"default","ast-page-background-meta":{"desktop":{"background-color":"var(--ast-global-color-5)","background-image":"","background-repeat":"repeat","background-position":"center center","background-size":"auto","background-attachment":"scroll","background-type":"","background-media":"","overlay-type":"","overlay-color":"","overlay-opacity":"","overlay-gradient":""},"tablet":{"background-color":"","background-image":"","background-repeat":"repeat","background-position":"center center","background-size":"auto","background-attachment":"scroll","background-type":"","background-media":"","overlay-type":"","overlay-color":"","overlay-opacity":"","overlay-gradient":""},"mobile":{"background-color":"","background-image":"","background-repeat":"repeat","background-position":"center center","background-size":"auto","background-attachment":"scroll","background-type":"","background-media":"","overlay-type":"","overlay-color":"","overlay-opacity":"","overlay-gradient":""}},"ast-content-background-meta":{"desktop":{"background-color":"var(--ast-global-color-4)","background-image":"","background-repeat":"repeat","background-position":"center center","background-size":"auto","background-attachment":"scroll","background-type":"","background-media":"","overlay-type":"","overlay-color":"","overlay-opacity":"","overlay-gradient":""},"tablet":{"background-color":"var(--ast-global-color-4)","background-image":"","background-repeat":"repeat","background-position":"center center","background-size":"auto","background-attachment":"scroll","background-type":"","background-media":"","overlay-type":"","overlay-color":"","overlay-opacity":"","overlay-gradient":""},"mobile":{"background-color":"var(--ast-global-color-4)","background-image":"","background-repeat":"repeat","background-position":"center center","background-size":"auto","background-attachment":"scroll","background-type":"","background-media":"","overlay-type":"","overlay-color":"","overlay-opacity":"","overlay-gradient":""}},"footnotes":""},"class_list":["post-26","page","type-page","status-publish","hentry"],"_links":{"self":[{"href":"https:\/\/lorygoavec.be\/index.php\/wp-json\/wp\/v2\/pages\/26","targetHints":{"allow":["GET"]}}],"collection":[{"href":"https:\/\/lorygoavec.be\/index.php\/wp-json\/wp\/v2\/pages"}],"about":[{"href":"https:\/\/lorygoavec.be\/index.php\/wp-json\/wp\/v2\/types\/page"}],"author":[{"embeddable":true,"href":"https:\/\/lorygoavec.be\/index.php\/wp-json\/wp\/v2\/users\/1"}],"replies":[{"embeddable":true,"href":"https:\/\/lorygoavec.be\/index.php\/wp-json\/wp\/v2\/comments?post=26"}],"version-history":[{"count":2,"href":"https:\/\/lorygoavec.be\/index.php\/wp-json\/wp\/v2\/pages\/26\/revisions"}],"predecessor-version":[{"id":141,"href":"https:\/\/lorygoavec.be\/index.php\/wp-json\/wp\/v2\/pages\/26\/revisions\/141"}],"wp:attachment":[{"href":"https:\/\/lorygoavec.be\/index.php\/wp-json\/wp\/v2\/media?parent=26"}],"curies":[{"name":"wp","href":"https:\/\/api.w.org\/{rel}","templated":true}]}}